n factor of 172258 and 86.
86
What is the highest common factor of 11459 and 7?
7
What is the greatest common factor of 42 and 384321?
21
What is the highest common divisor of 720 and 12348360?
360
Calculate the highest common divisor of 130200 and 2296.
56
What is the highest common factor of 5833 and 57?
19
Calculate the greatest common factor of 87 and 40861.
29
Calculate the greatest common factor of 150317 and 12592.
787
What is the greatest common factor of 5845 and 8680?
35
What is the highest common factor of 154 and 26103?
77
What is the highest common divisor of 550431 and 1764?
63
Calculate the greatest common divisor of 15290 and 40.
10
Calculate the greatest common factor of 229014 and 486.
54
What is the highest common divisor of 214 and 6418?
2
What is the greatest common divisor of 11 and 392216?
11
What is the greatest common factor of 7 and 23317?
7
What is the greatest common divisor of 81 and 5218344?
81
Calculate the highest common divisor of 10803 and 169.
13
What is the highest common factor of 1764 and 448?
28
Calculate the highest common divisor of 43074 and 2466.
18
What is the highest common divisor of 63506 and 226?
226
Calculate the highest common factor of 138132 and 756.
108
What is the highest common factor of 506 and 2965666?
506
What is the highest common factor of 8028 and 6467?
223
Calculate the greatest common divisor of 7638 and 123.
3
Calculate the highest common divisor of 28139 and 3287.
19
What is the greatest common divisor of 86899 and 1273?
67
What is the highest common factor of 36 and 21031236?
36
Calculate the highest common divisor of 10013 and 361.
19
What is the greatest common factor of 1355409 and 792?
99
What is the highest common divisor of 268 and 372118?
134
Calculate the highest common divisor of 7659 and 1449.
207
What is the highest common divisor of 16870 and 2415?
35
What is the greatest common factor of 58 and 24488?
2
What is the highest common factor of 1203 and 11?
1
Calculate the highest common divisor of 753438 and 3.
3
Calculate the greatest common factor of 2812701 and 102.
51
Calculate the highest common divisor of 22269 and 6281.
571
Calculate the greatest common divisor of 77905 and 60.
5
What is the highest common factor of 770208 and 639?
213
Calculate the highest common factor of 6 and 1634772.
6
Calculate the highest common factor of 469920 and 60.
60
Calculate the highest common divisor of 211936 and 37.
37
What is the greatest common factor of 3962 and 214514?
566
What is the highest common divisor of 2542 and 3772?
82
Calculate the greatest common factor of 13 and 2524561.
13
What is the highest common factor of 2535 and 297?
3
Calculate the greatest common divisor of 3536349 and 333.
111
What is the greatest common divisor of 2285 and 2720?
5
What is the highest common factor of 710593 and 94?
47
Calculate the greatest common factor of 147469 and 14.
7
What is the highest common factor of 306 and 156519?
153
Calculate the greatest common divisor of 16659 and 37637.
617
Calculate the highest common factor of 24 and 36540.
12
Calculate the greatest common divisor of 1662 and 865902.
1662
What is the highest common divisor of 44 and 3047?
11
What is the highest common factor of 16412 and 44?
44
Calculate the highest common divisor of 56964 and 18048.
564
What is the highest common divisor of 14 and 3560774?
14
What is the highest common divisor of 405 and 275?
5
Calculate the greatest common factor of 1891 and 4941.
61
What is the highest common divisor of 22 and 1420474?
22
What is the greatest common divisor of 5783284 and 52?
52
Calculate the greatest common divisor of 1189 and 145345.
41
What is the highest common factor of 1077 and 4522323?
1077
What is the greatest common factor of 392352 and 32?
32
What is the greatest common factor of 205264 and 28?
4
Calculate the greatest common divisor of 2448132 and 36.
12
Calculate the highest common factor of 5109868 and 386.
386
What is the highest common divisor of 29885 and 129?
43
Calculate the greatest common divisor of 365274 and 273.
273
What is the greatest common divisor of 26842 and 14?
2
What is the greatest common divisor of 1159 and 16201661?
1159
Calculate the greatest common divisor of 3520 and 40840.
40
What is the highest common divisor of 33387 and 12431?
31
Calculate the highest common factor of 144840 and 20808.
408
What is the highest common factor of 30 and 82520?
10
What is the greatest common factor of 175 and 79765?
35
Calculate the highest common factor of 422268 and 504.
84
Calculate the highest common divisor of 7876 and 462.
22
Calculate the highest common factor of 223006 and 238.
238
Calculate the highest common factor of 665 and 269857.
133
Calculate the highest common factor of 4830 and 1840.
230
Calculate the highest common factor of 26401 and 17.
17
Calculate the highest common divisor of 16 and 10086.
2
What is the highest common divisor of 4452664 and 16?
8
Calculate the highest common divisor of 102 and 126.
6
What is the greatest common divisor of 99970 and 950?
10
Calculate the greatest common factor of 298 and 68987.
149
What is the greatest common divisor of 11596 and 88308?
892
Calculate the highest common factor of 48294 and 12.
6
What is the highest common factor of 5572285 and 239?
239
What is the highest common divisor of 1810 and 4345810?
1810
What is the highest common factor of 20574 and 1016?
254
Calculate the highest common factor of 126 and 400386.
42
Calculate the highest common factor of 880 and 480.
80
What is the greatest common factor of 2946 and 10836861?
1473
What is the greatest common factor of 748 and 15674?
34
Calculate the greatest common divisor of 410 and 217177.
41
Calculate the highest common divisor of 145700 and 175.
25
Calculate the greatest common divisor of 72495 and 1215.
405
Calculate the highest common divisor of 2556 and 655614.
1278
Calculate the greatest common divisor of 3696 and 5488.
112
What is the greatest common divisor of 27 and 124101?
9
Calculate the greatest common factor of 1243 and 314705.
113
Calculate the greatest common divisor of 740 and 5190.
10
Calculate the greatest common divisor of 8 and 5628.
4
Calculate the greatest common factor of 13 and 1397071.
13
Calculate the highest common divisor of 42 and 171066.
42
What is the greatest common divisor of 1 and 160163?
1
What is the greatest common factor of 18 and 59004?
18
Calculate the greatest common factor of 493 and 100861.
17
What is the highest common factor of 1045890 and 6?
6
What is the greatest common divisor of 3615 and 96?
3
What is the highest common divisor of 599505 and 357?
51
What is the highest common divisor of 2303 and 6016?
47
Calculate the greatest common factor of 142345 and 686.
343
What is the greatest common divisor of 171141 and 9?
3
What is the greatest common divisor of 113035 and 185?
185
Calculate the greatest common factor of 5193 and 1995843.
1731
Calculate the highest common divisor of 3873 and 353734.
1291
Calculate the highest common divisor of 141108 and 396.
132
What is the greatest common divisor of 4390 and 1210?
10
Calculate the greatest common factor of 17 and 15028.
17
Calculate the greatest common divisor of 798720 and 390.
390
What is the highest common factor of 39 and 1194180?
39
Calculate the greatest common factor of 40086 and 18.
18
What is the highest common divisor of 2070 and 5060?
230
What is the greatest common factor of 4 and 278?
2
What is the highest common factor of 32 and 313148?
4
What is the highest common factor of 11786 and 9514?
142
Calculate the greatest common divisor of 6580 and 2800.
140
Calculate the highest common divisor of 1056 and 3333.
33
What is the highest common factor of 73 and 2057359?
73
What is the highest common divisor of 272679 and 209?
11
Calculate the greatest common factor of 17296 and 1104.
368
Calculate the greatest common divisor of 4 and 22772.
4
Calculate the highest common factor of 21110 and 70.
10
What is the greatest common divisor of 10800 and 2560?
80
What is the greatest common divisor of 30 and 1152180?
30
Calculate the highest common divisor of 814093 and 266.
133
Calculate the highest common factor of 534 and 57138.
534
Calculate the highest common factor of 43212 and 3